9
List the prime factors of 26368194.
2, 3, 1213, 3623
List the prime factors of 1250697088.
2, 37, 264083
What are the prime factors of 2455033294?
2, 7, 23, 7624327
What are the prime factors of 161267597?
161267597
List the prime factors of 641760061.
641760061
List the prime factors of 519058093.
17, 19, 1606991
List the prime factors of 138943161.
3, 7, 23, 31963
List the prime factors of 224613832.
2, 2647, 10607
List the prime factors of 37982968.
2, 4747871
What are the prime factors of 276939166?
2, 7, 19781369
List the prime factors of 6929188900.
2, 5, 69291889
List the prime factors of 43768457.
19, 107, 21529
What are the prime factors of 79436547?
3, 8826283
List the prime factors of 1352743722.
2, 3, 11, 19, 359581
List the prime factors of 201682559.
13, 29, 31, 17257
List the prime factors of 4468473038.
2, 2234236519
List the prime factors of 1151107775.
5, 4153, 11087
List the prime factors of 106410437.
7, 15201491
What are the prime factors of 48230856?
2, 3, 223291
What are the prime factors of 1408195486?
2, 157, 2083, 2153
What are the prime factors of 5416057834?
2, 11, 246184447
What are the prime factors of 64711365?
3, 5, 83, 51977
List the prime factors of 544405344.
2, 3, 7, 523, 1549
List the prime factors of 81405173.
81405173
What are the prime factors of 5573839793?
17, 389, 659, 1279
List the prime factors of 193597602.
2, 3, 11, 2933297
List the prime factors of 391287771.
3, 7, 307, 20231
What are the prime factors of 1234411922?
2, 17, 43, 137, 6163
List the prime factors of 311314271.
41, 307, 24733
List the prime factors of 338620672.
2, 13, 101749
List the prime factors of 333656840.
2, 5, 11, 269, 2819
What are the prime factors of 8806473?
3, 13, 75269
List the prime factors of 394037722.
2, 13, 53, 285949
What are the prime factors of 151161064?
2, 181, 104393
What are the prime factors of 52391971?
829, 63199
What are the prime factors of 2433298340?
2, 5, 11, 23, 37, 41, 317
What are the prime factors of 4012381623?
3, 29, 97, 475457
List the prime factors of 931254215.
5, 186250843
What are the prime factors of 613262435?
5, 122652487
What are the prime factors of 65521683?
3, 59, 41131
What are the prime factors of 351272733?
3, 7, 16727273
What are the prime factors of 3104257200?
2, 3, 5, 11, 235171
What are the prime factors of 1303126333?
59, 181, 122027
What are the prime factors of 166828936?
2, 23, 906679
List the prime factors of 226083530.
2, 5, 1303, 17351
What are the prime factors of 3377442523?
7, 13, 71, 79, 509
What are the prime factors of 3700437?
3, 13, 239, 397
List the prime factors of 69361073.
1229, 56437
What are the prime factors of 370477870?
2, 5, 7, 107, 49463
What are the prime factors of 1842422508?
2, 3, 491, 104233
What are the prime factors of 113298262?
2, 7, 11, 199, 3697
What are the prime factors of 116539751?
37, 607, 5189
What are the prime factors of 32240646?
2, 3, 597049
What are the prime factors of 102974507?
251, 410257
What are the prime factors of 55815012?
2, 3, 11, 17, 8291
What are the prime factors of 2005274130?
2, 3, 5, 89, 331, 2269
List the prime factors of 700486265.
5, 140097253
List the prime factors of 483159190.
2, 5, 1429, 33811
List the prime factors of 198422711.
67, 2961533
List the prime factors of 18713762.
2, 911, 10271
List the prime factors of 15119831.
347, 43573
List the prime factors of 160614496.
2, 7, 71, 10099
List the prime factors of 466281444.
2, 3, 907, 42841
What are the prime factors of 31646912?
2, 11, 44953
List the prime factors of 111550241.
11, 1613, 6287
What are the prime factors of 845654786?
2, 422827393
What are the prime factors of 2418927233?
2418927233
List the prime factors of 96157003.
139, 233, 2969
List the prime factors of 875237768.
2, 23, 269, 17683
List the prime factors of 108684264.
2, 3, 13, 17, 31, 661
List the prime factors of 204652577.
204652577
What are the prime factors of 973824159?
3, 7, 11, 4215689
List the prime factors of 78959812.
2, 47, 419999
List the prime factors of 4038525883.
7, 1619, 356351
What are the prime factors of 3319210252?
2, 4583, 181061
List the prime factors of 473290477.
11, 53, 811819
List the prime factors of 1918308055.
5, 31, 47, 263323
List the prime factors of 1129741893.
3, 7, 29, 88337
What are the prime factors of 541005395?
5, 7, 127, 121711
What are the prime factors of 2993930792?
2, 17, 23, 957139
List the prime factors of 65086427.
7, 1063, 8747
List the prime factors of 84853981.
19, 1459, 3061
List the prime factors of 42255637.
42255637
List the prime factors of 121925296.
2, 43, 177217
What are the prime factors of 126294269?
126294269
List the prime factors of 175797691.
241, 729451
List the prime factors of 81332788.
2, 20333197
List the prime factors of 319670004.
2, 3, 26639167
List the prime factors of 505123942.
2, 2153, 117307
What are the prime factors of 392679803?
109, 1361, 2647
What are the prime factors of 27454291?
2633, 10427
List the prime factors of 675314556.
2, 3, 7, 89, 103, 877
List the prime factors of 35860474.
2, 13, 37, 37277
What are the prime factors of 872512397?
71, 12288907
List the prime factors of 266005746.
2, 3, 14778097
What are the prime factors of 41567029?
7, 5938147
List the prime factors of 401906783.
241, 1667663
List the prime factors of 15005527.
15005527
What are the prime factors of 136051564?
2, 11, 1451, 2131
What are the prime factors of 4855735612?
2, 7, 13, 43, 310231
List the prime factors of 53759559.
3, 7, 17, 150587
List the prime factors of 1377599029.
17, 81035237
What are the prime factors of 126746682?
2, 3, 19, 37, 151, 199
List the prime factors of 2597311362.
2, 3, 19, 397, 57389
List the prime factors of 15328410.
2, 3, 5, 599, 853
What are the prime factors of 248705411?
419, 691, 859
List the prime factors of 19051122.
2, 3, 113, 28099
List the prime factors of 567509662.
2, 761, 372871
What are the prime factors of 126848799?
3, 7, 11, 79, 331
What are the prime factors of 4807491?
3, 13, 123269
List the prime factors of 1094708985.
3, 5, 683, 106853
List the prime factors of 684265420.
2, 5, 37, 924683
What are the prime factors of 754119412?
2, 233, 809141
What are the prime factors of 119443550?
2, 5, 2388871
List the prime factors of 54327817.
23, 29, 47, 1733
List the prime factors of 1498321871.
67, 22363013
List the prime factors of 217459091.
821, 264871
What are the prime factors of 213402408?
2, 3, 263, 33809
List the prime factors of 3740021153.
11, 139, 929, 2633
List the prime factors of 2278625843.
13, 59, 103, 28843
List the prime factors of 291455806.
2, 43, 79, 42899
List the prime factors of 1726938726.
2, 3, 287823121
List the prime factors of 1389926469.
3, 107, 139, 31151
What are the prime factors of 2800863056?
2, 9767, 17923
What are the prime factors of 2690644503?
3, 3019, 297079
What are the prime factors of 1751809434?
2, 3, 291968239
List the prime factors of 65235585.
3, 5, 1061, 4099
What are the prime factors of 52069036?
2, 29, 448871
What are the prime factors of 32126171?
7, 11, 29, 14387
List the prime factors of 713275346.
2, 7, 50948239
List the prime factors of 94437560.
2, 5, 7, 337277
What are the prime factors of 58603663?
643, 91141
What are the prime factors of 152653871?
152653871
List the prime factors of 73953717.
3, 23, 79, 13567
What are the prime factors of 50555457?
3, 359, 15647
List the prime factors of 38033256.
2, 3, 61, 83, 313
List the prime factors of 204161606.
2, 11, 843643
List the prime factors of 6131900712.
2, 3, 7, 36499409
What are the prime factors of 10800139?
7, 220411
List the prime factors of 220327011.
3, 24480779
List the prime factors of 135328133.
53, 757, 3373
List the prime factors of 3383246254.
2, 25057, 67511
List the prime factors of 1075799634.
2, 3, 7, 13, 31, 63559
What are the prime factors of 727027249?
13, 55925173
What are the prime factors of 138458863?
17, 8144639
What are the prime factors of 1013246329?
103, 9837343
List the prime factors of 6571440201.
3, 2791, 784837
What are the prime factors of 283763297?
109, 2603333
What are the prime factors of 240737026?
2, 571, 210803
List the prime factors of 4365696952.
2, 67, 8144957
What are the prime factors of 7066097?
7066097
List the pr